17 divide 11560?
True
Does 26 divide 832?
True
Is 761 even?
False
Is 558 a multiple of 62?
True
Is 92304 a multiple of 12?
True
Is 177 a factor of 42834?
True
Is 75 a factor of 157?
False
Is 18 a multiple of 18?
True
Does 24 divide 2106?
False
Is 1704 a multiple of 4?
True
Is 3238 a multiple of 37?
False
Is 14 a factor of 11984?
True
Does 52 divide 21708?
False
Is 810 a multiple of 18?
True
Is 24 a factor of 840?
True
Does 17 divide 10840?
False
Is 11 a factor of 420?
False
Does 6 divide 30?
True
Is 21 a factor of 1785?
True
Is 16612 a multiple of 224?
False
Is 600 a multiple of 6?
True
Does 13 divide 707?
False
Is 249 a multiple of 144?
False
Is 10 a factor of 44?
False
Does 8 divide 9368?
True
Does 11 divide 220?
True
Is 22824 a multiple of 13?
False
Is 22884 a multiple of 12?
True
Is 3720 a multiple of 3?
True
Is 12 a factor of 15272?
False
Does 17 divide 17?
True
Is 56547 a multiple of 103?
True
Is 185 a multiple of 45?
False
Does 5 divide 45?
True
Does 15 divide 255?
True
Is 26 a factor of 1181?
False
Does 6 divide 51?
False
Is 10883 a multiple of 24?
False
Does 3 divide 279?
True
Is 18557 a multiple of 241?
True
Is 1360 a multiple of 40?
True
Is 4850 a multiple of 9?
False
Is 10056 a multiple of 12?
True
Does 124 divide 73284?
True
Is 24 a factor of 2904?
True
Does 3 divide 180?
True
Does 31 divide 27570?
False
Is 862 a multiple of 32?
False
Does 15 divide 311?
False
Does 26 divide 5876?
True
Does 2 divide 50?
True
Is 157 a factor of 35090?
False
Is 16 a factor of 4284?
False
Does 22 divide 4233?
False
Is 25840 a multiple of 38?
True
Does 3 divide 19416?
True
Is 277 a multiple of 72?
False
Does 38 divide 31307?
False
Is 139 a factor of 144617?
False
Is 112 a factor of 31204?
False
Does 6 divide 510?
True
Does 194 divide 47268?
False
Does 84 divide 18907?
False
Does 4 divide 8846?
False
Is 42024 a multiple of 67?
False
Is 3 a factor of 207?
True
Is 31 a factor of 40826?
False
Is 820 a multiple of 10?
True
Does 5 divide 2605?
True
Is 49 a multiple of 49?
True
Does 13 divide 108814?
False
Is 6254 a multiple of 118?
True
Is 9 a factor of 10125?
True
Is 30 a factor of 540?
True
Is 218 a factor of 13516?
True
Is 7 a factor of 112?
True
Does 17 divide 7345?
False
Is 32 a factor of 320?
True
Is 713 a multiple of 31?
True
Is 2607 a multiple of 33?
True
Is 812 a multiple of 26?
False
Does 59 divide 885?
True
Is 8725 a multiple of 11?
False
Does 187 divide 7443?
False
Is 5 a factor of 170?
True
Does 30 divide 124?
False
Is 11 a factor of 32175?
True
Is 41 a factor of 574?
True
Is 18 a factor of 157?
False
Does 55 divide 220?
True
Is 191 a factor of 30277?
False
Does 7 divide 371?
True
Is 74 a factor of 858?
False
Does 9 divide 3508?
False
Is 6583 a multiple of 27?
False
Is 15 a factor of 945?
True
Does 28 divide 275?
False
Does 178 divide 35422?
True
Does 2 divide 8?
True
Is 13 a factor of 2444?
True
Does 30 divide 66120?
True
Is 17331 a multiple of 159?
True
Is 33 a factor of 7621?
False
Is 17335 a multiple of 17?
False
Is 11452 a multiple of 28?
True
Does 85 divide 4335?
True
Is 9250 a multiple of 50?
True
Is 34 a multiple of 9?
False
Does 24 divide 1304?
False
Is 792 a multiple of 33?
True
Is 37 a factor of 51430?
True
Does 16 divide 326?
False
Is 23 a factor of 230?
True
Is 6 a factor of 2844?
True
Does 120 divide 5085?
False
Is 5569 a multiple of 25?
False
Is 15 a factor of 375?
True
Does 13 divide 3222?
False
Is 162 a multiple of 6?
True
Is 22 a factor of 1123?
False
Does 22 divide 3718?
True
Is 15 a factor of 7620?
True
Is 425 a multiple of 5?
True
Is 774 a multiple of 99?
False
Does 13 divide 380?
False
Is 13 a factor of 5190?
False
Is 34 a factor of 1224?
True
Does 25 divide 3959?
False
Is 24 a factor of 36?
False
Is 2230 a multiple of 47?
False
Is 13486 a multiple of 11?
True
Is 30672 a multiple of 15?
False
Is 4380 a multiple of 6?
True
Is 61 a factor of 9882?
True
Is 5 a factor of 95?
True
Is 75 a factor of 7650?
True
Is 3 a factor of 485?
False
Is 2522 a multiple of 79?
False
Is 227 a factor of 25378?
False
Is 3 a factor of 1143?
True
Does 49 divide 1031?
False
Does 27 divide 3834?
True
Is 47 a factor of 782?
False
Is 8946 a multiple of 4?
False
Does 45 divide 1305?
True
Does 117 divide 2574?
True
Is 94 a factor of 37553?
False
Does 19 divide 2989?
False
Is 3 a factor of 55383?
True
Does 20 divide 20877?
False
Is 52 a factor of 884?
True
Is 15 a factor of 1917?
False
Is 50 a factor of 858?
False
Is 9240 a multiple of 33?
True
Does 8 divide 3688?
True
Does 3 divide 1891?
False
Does 68 divide 1257?
False
Does 20 divide 900?
True
Is 10 a factor of 11560?
True
Is 9428 a multiple of 16?
False
Is 7337 a multiple of 122?
False
Does 16 divide 592?
True
Is 12 a factor of 192?
True
Is 3008 a multiple of 16?
True
Does 155 divide 11059?
False
Does 82 divide 6642?
True
Is 9600 a multiple of 150?
True
Does 64 divide 2624?
True
Is 13 a factor of 3913?
True
Does 4 divide 94?
False
Is 6 a factor of 408?
True
Does 34 divide 5465?
False
Is 88 a factor of 7392?
True
Is 1140 a multiple of 10?
True
Is 287 a multiple of 41?
True
Does 14 divide 1191?
False
Is 4 a factor of 410?
False
Does 15 divide 428?
False
Is 6104 a multiple of 14?
True
Is 16 a factor of 7856?
True
Is 5 a factor of 2630?
True
Is 1496 a multiple of 11?
True
Is 241 a multiple of 5?
False
Is 17 a factor of 18700?
True
Is 672 a multiple of 23?
False
Is 4143 a multiple of 8?
False
Is 812 a multiple of 28?
True
Is 88 a factor of 5808?
True
Is 15 a factor of 4170?
True
Is 49 a factor of 185?
False
Is 16647 a multiple of 93?
True
Does 39 divide 8502?
True
Does 28 divide 1012?
False
Is 130480 a multiple of 14?
True
Does 17 divide 289?
True
Does 27 divide 2241?
True
Is 23260 a multiple of 20?
True
Is 59500 a multiple of 68?
True
Is 2 a factor of 720?
True
Is 251 a multiple of 10?
False
Does 11 divide 110?
True
Is 8 a factor of 3251?
False
Is 368 a multiple of 92?
True
Does 6 divide 120?
True
Is 4742 a multiple of 55?
False
Does 83 divide 6963?
False
Is 2 a factor of 1482?
True
Is 957 a multiple of 9?
False
Is 7 a factor of 938?
True
Is 797 a multiple of 4?
False
Is 245 a factor of 20548?
False
Is 26 a factor of 130?
True
Is 13 a factor of 372?
False
Is 6 a factor of 3497?
False
Is 37 a factor of 982?
False
Is 15366 a multiple of 38?
False
Is 8316 a multiple of 66?
True
Is 29 a factor of 23508?
False
Is 985 a multiple of 19?
False
Is 2306 a multiple of 11?
False
Does 5 divide 1215?
True
Is 107 a factor of 5136?
True
Does 28 divide 11843?
False
Is 35583 a multiple of 87?
True
Does 11 divide 3271?
False
Is 47 a factor of 6157?
True
Is 10 a factor of 219?
False
Does 150 divide 43153?
False
Does 62 divide 2232?
True
Does 2 divide 74?
True
Is 799 a multiple of 47?
True
Is 876 a multiple of 4?
True
Is 7422 a multiple of 9?
False
Does 148 divide 47831?
False
Is 2 a factor of 201?
False
Does 25 divide 13275?
True
Is 129 a factor of 26703?
True
Is 57 a multiple of 57?
True
Is 3 a factor of 168?
True
Is 2 a factor of 103?
False
Is 17259 a multiple of 7?
False
Does 80 divide 15760?
True
Is 759 a multiple of 23?
True
Does 15 divide 7991?
False
Does 11 divide 1354?
False
Is 10 a factor of 630?
True
Does 3 divide 234?
True
Is 99 a multiple of 29?
False
Is 20371 a multiple of 259?
False
Does 47 divide 1739?
True
Does 32 divide 660?
False
Does 75 divide 9178?
False
Is 76 a factor of 9348?
True
Is 22 a factor of 854?
False
Is 134 a factor of 1876?
True
Is 26488 a multiple of 44?
True
Is 11255 a multiple of 187?
False
Is 1439 a multiple of 19?
False
Is 101 a factor of 4532?
False
Is 14 a factor of 532?
True
Is 9 a factor of 1494?
True
Is 9065 a multiple of 64?
False
Is 80000 a multiple of 28?
False
Is 2104 a multiple of 72?
False
Does 2 divide 153?
False
Does 11 divide 602?
False
Is 83472 a multiple of 12?
True
Is 67 a factor of 13541?
False
Is 13 a factor of 751?
False
Is 3 a factor of 709?
False
Is 751 a multiple of 62?
False
Is 46 a multiple of 15?
False
Is 102 a factor of 12795?
False
Is 2541 a multiple of 44?
False
Is 82 a factor of 2050?
True
Is 4408 a multiple of 58?
True
Is 11 a factor of 854?
False
Does 333 divide 96570?
True
Is 17907 a multiple of 4?
False
Is 7955 a multiple of 37?
True
Does 43 divide 516?
True
Is 23 a factor of 26896?
False
Is 2044 a multiple of 33?
False
Does 6 divide 78?
True
Does 33